689. Is t a composite number?
True
Let k(b) = 163*b**2 - 3*b - 2. Let f be k(-3). Let t be 67342/(-77) - (-3)/42*-6. Let i = t + f. Is i composite?
False
Let q be (-3)/(-4 + 3) + -3. Is (-10)/(-15)*((-9780)/(-8) + q) a composite number?
True
Let u(q) = -6*q - 10. Let x be u(-2). Suppose -5*w + x*b + 4732 = 1301, 0 = -3*w + 3*b + 2064. Suppose -5*i + 130 = -w. Is i a prime number?
True
Let h = 315 + -1084. Let g = 6732 + h. Is g a prime number?
False
Suppose -2*a - 2*x = -392 - 134, -2*a + 5*x + 554 = 0. Let m(u) = -4 + 11 + u + a*u**2 - 6. Is m(-1) prime?
False
Suppose -2*a - 4*b + 15419 + 3135 = 0, 4*b = -5*a + 46385. Is ((-1)/2)/((-16)/32)*a a composite number?
False
Let o(u) = -30 - 84*u + 20 + 15. Is o(-9) a composite number?
False
Let c = -87469 + 165104. Is c a composite number?
True
Is ((-676)/364)/((-1)/203) a prime number?
False
Suppose -17 = -w + 2*r - 0, w - 10 = -5*r. Let k = w - 10. Is (-1)/k*-5 + 352 prime?
True
Let l(j) = 32*j**2 + 71*j + 73. Is l(18) composite?
False
Let i(n) = 3*n**3 - 61*n**2 + 41*n - 617. Is i(40) a prime number?
False
Suppose 19*v + 1870765 = -11*v + 19970095. Is v composite?
False
Let p be 21/6 - 3/2. Let t(q) = -14*q + 3 + 34*q**p - 4 + 9*q + 3. Is t(3) a composite number?
False
Suppose -106*w + 7238382 = -22246684. Is w prime?
False
Let n = -151365 - -259262. Is n a composite number?
False
Let f(y) = -3*y**3 - 2*y**2 + 1. Let r(k) = k**3 - k**2 + 2. Let x be r(0). Suppose -2 = 3*h + 5*b, 6 = -x*b + 5*b. Is f(h) composite?
True
Let u = 47507 - 69201. Let h = u - -36788. Is h a composite number?
True
Let c = 41123 + -33502. Is c composite?
False
Let d(f) = 2*f**2 - 9*f - 10. Let u be d(-3). Is 2517 - (-56)/u*(-10)/(-4) composite?
False
Let m = 17588 - -11775. Is m composite?
False
Let h(j) = 509*j**2 + 99*j + 11. Is h(-11) composite?
True
Let t(o) = 311*o**3 + 13*o**2 + 18*o + 23. Is t(8) a prime number?
True
Let n = 317 - 315. Is 6604 + (n/2)/((-5)/25) a prime number?
True
Let c(v) = -v**3 + 9*v**2 + 5*v - 6. Let d be c(10). Let b = d - -56. Suppose 3*u + 10*u - 11791 = b. Is u composite?
False
Let r be (-29253)/84 + (-2)/(-8) - -5. Let s = r + 554. Is s a composite number?
False
Is 7681800/735 - (-6)/(-14) a composite number?
True
Let s = 770 - 1300. Let o = s - -721. Is o a prime number?
True
Let x = 215333 + -89782. Is x a composite number?
False
Is ((6 - 3) + 28876)*5/(2 - -3) a composite number?
False
Is ((-1)/3)/((-27)/6321969) prime?
True
Let m(z) = 177*z**2 + 241*z + 1411. Is m(58) prime?
True
Suppose 50*s - 92 = 27*s. Suppose 7*i = -3*w + 3*i + 108707, -3*i = -s*w + 144901. Is w a composite number?
False
Suppose -3*p + 3*z + 18 = 0, 3*z + 6 = p - 6. Let l be p/2 - (-1 - 85/(-10)). Is (-4)/12 + 1 + (-10154)/l prime?
True
Let u(l) = 5*l**3 - 21*l**2 + 25*l + 53. Let q(i) = -2*i**3 + 11*i**2 - 12*i - 26. Let b(p) = -7*q(p) - 3*u(p). Is b(-17) a prime number?
False
Let n = -2277 - -158. Let c = -776 - n. Is c composite?
True
Is ((-26)/(-182) - 212036/(-7)) + (8 - 6) a prime number?
True
Is 18256155/33 - (2 - 360/165) a composite number?
True
Suppose 0 = -4*b + 5*l, -3*b = 4*l - 6*l. Suppose 5*v = b, 2*a + 0*a - 4*v - 3374 = 0. Is a a prime number?
False
Suppose 20*s - 10*s = 50. Let r(g) = 339*g**2 - 7*g + 21. Is r(s) prime?
True
Let a be (-7)/(-3 + 2) + 30. Is (111/a)/((-1)/(-2843) - 0) composite?
True
Let w = -5094 + 58485. Is w/21 + (-52)/(-91) a prime number?
True
Is -1 - ((-1)/(-2) + -2 - 36442221/194) composite?
True
Let z(i) = 2*i**3 + 494*i**2 + 50*i - 67. Is z(-29) prime?
True
Suppose -20*x - 3*q = -23*x + 21, 5*x - 2*q - 23 = 0. Let u(z) = 1111*z**2 - z + 1. Is u(x) a prime number?
False
Suppose 0 = -713*i + 641*i + 1594584. Is i a prime number?
True
Let l(o) = -o**3 - 2*o**2 - o. Let f be l(-2). Suppose -2*p + 4525 = 4*z - p, 0 = f*z + 2*p - 2270. Is -5*4/(-40)*z a composite number?
True
Let b(c) be the first derivative of 2*c**2 + 3*c - 9. Let y be b(-1). Is (4 - (y - -1)) + 107 prime?
False
Let w(p) = p**2 - 4*p + 6. Let u be w(4). Suppose u*n = n + 20, 2*l - 5*n + 14 = 0. Is l*1 - -304*(5 - 4) prime?
True
Let r be 1 - (39/4)/(45/60). Let l(g) = -2125*g + 142. Is l(r) prime?
False
Let q(y) = -30*y - 5. Let h be 6/(-4 - 6/(0 + -3)). Let x be q(h). Suppose z = 4*g - 769, -3*g + z = -493 - x. Is g a composite number?
False
Let a = 142439 + 20754. Is a a composite number?
False
Suppose -4*m = 3*k + 1, 7*k = 3*m + 9*k. Suppose -1116 = -j - l, 0 = -m*l - 0 + 10. Is j a composite number?
True
Let x(c) = -c**3 - 44*c**2 + 215*c - 128. Is x(-63) a composite number?
True
Is ((-664)/(-16))/((-23)/(-33442)) prime?
False
Suppose 0 = -6*u + 19 - 1. Suppose -3*p = -4*y + 60, p + 40 = 4*y + u*p. Is ((-117)/(-52))/(3/y) composite?
True
Suppose 0 = -3*m - 1 + 10. Let y be (30/(-8))/(m/10056). Is y/(-50) + 4/(-10) prime?
True
Let k(b) = -62*b - 65. Let m be k(-6). Let z = m - -6410. Is z a composite number?
True
Is (-1 - -5)*(99360885/(-52))/(-15) prime?
True
Is (105670*(-3)/(-15))/(-2 - (-48)/21) a composite number?
True
Let t(z) = -3*z**3 + 5*z**2 - 3*z + 4. Let k(p) = -p**3 - p**2. Let c(f) = 2*k(f) - t(f). Suppose 3*i - q = 32, 1 = -2*i - 3*q + 4. Is c(i) prime?
False
Suppose -25*j + 30*j = -5, -y = -2*j - 25009. Is y prime?
False
Let z(u) = -u + 14. Let m be z(14). Suppose -5*w + 3*j + 2050 = 0, -4*w + m*w + 1642 = -2*j. Suppose o = w - 18. Is o prime?
False
Let o = 161147 + -103062. Is o a prime number?
False
Suppose -2*a + 5008 = 1570. Let m = -830 + a. Is m a composite number?
True
Suppose 51*c - 6037296 = -3*i + 46*c, 2*c = 2*i - 4024880. Is i a composite number?
True
Let p = 14704 + -41011. Let z = -15326 - p. Is z composite?
True
Let h = 54 - 51. Suppose -2*q + 0*q + 5*c = -3256, -h*c + 6486 = 4*q. Is q a prime number?
False
Let g(h) = 10*h**2 - h + 559. Is g(82) a prime number?
False
Let y be -2 + 1 + 4 + -2 + 1. Suppose 3*q = -y*q - 4*q. Suppose -6*a + 18078 = -q*a. Is a prime?
False
Let f = -104 - -90. Let q be ((-13)/(-2))/((-7)/f). Suppose -3088 = -q*g + 9639. Is g prime?
False
Suppose 89 = 5*f - 4*x, -3*x - 41 = -f - 8*x. Is (-858 - 21)/((-3)/f*3) a prime number?
False
Let p(d) = 3*d**2 - d - 2. Let c be p(2). Let m(i) = -5 + 79 - 18 + 181*i - 16 - 11. Is m(c) a composite number?
True
Suppose -13*f - 6 = 20. Is (f - 0)*(1 - 2877/14) prime?
True
Let q(g) = 2*g + 2. Let y be q(0). Suppose y*h = 1336 + 1406. Is h a composite number?
True
Let h = 54 + -50. Suppose 5*o = -4*c + h + 2, -c + 10 = -3*o. Suppose 3*u - 897 = -3*t, 2*u - c*u = t - 299. Is t prime?
False
Suppose 0 = -9*p - 46*p + 4313100. Let b = -36575 + p. Is b prime?
False
Let q(h) = 9*h**3 - 12*h**2 + 18*h - 215. Is q(14) composite?
False
Suppose 95720 = 160*x - 49400. Is x composite?
False
Suppose 0 = -2*u + 4 + 2. Suppose -17 = -3*i - 2, -u*z + 3286 = -i. Is z a prime number?
True
Let z = 195057 + -70124. Is z prime?
False
Suppose 12*i - 7*i + 115 = 0. Let c = 26 + i. Suppose -4*m = 12, c*h - 2426 = -5*m + 910. Is h a prime number?
True
Suppose -3*j + 51 = 45. Suppose 2*t = -4*y - 5972, -3*y = j*t - t + 4480. Let u = y + 3275. Is u a prime number?
False
Is (-7 - 7353)*-6 + -19 a prime number?
False
Let t(b) = b + 11885. Let g be t(0). Let w be (-3)/((20/g)/(-4)). Suppose -11*m = 190 - w. Is m composite?
False
Suppose 0 = -3*g + 5*f + 65, -3*f + 97 = 4*g + g. Suppose x + 3*z - 12 = -0*x, 0 = 5*z - g. Suppose -3*j - 6 = 0, x*o - o - 4*j = -141. Is o prime?
True
Let p(o) = -55573*o - 1107. Is p(-22) a composite number?
False
Let i = 374078 + -98875. Is i prime?
False
Is ((10/(-5))/10*-3)/(3/1352235) a composite number?
True
Let g be (1*-1*778)/(170/(-4335)). Suppose 0 = -3*c + u + 20591, 5*c - 5*u - g = 14486. Is c prime?
True
Let v(u) = 2*u**3 + 50*u**2 + 119*u + 13. Is v(-18) a composite number?
True
Let r(u) = u + 4. Let f be r(-4). Let y(c) = c**3 - c**2 + c - 1. Let n be y(f). Is 2 + (-1 + n - -541) composite?
False
Let p = 93 - 93. Let v be 0 + (p - 13)/(2/36). Let h = v - -355. Is h composite?
True
Suppose 4*o = -4*j + 454172, 6*j - 7*j = -2*o - 113525. Is j a prime number?
True
Let l = -6358 - -4162. Let s = 6775 + l. Is s a prime number?
False
Let n = 42 + -7. Let v = n - 55. Is (1693/(-4))/(1 - (-25)/v) prime?
True
Let x(v) = 43*v + 44. Suppose -9*m + 8*m = -9. Is x(m) prime?
True
Let t be -56 + 7 - (-4)/((-2)/(-2)).